{"id":814,"date":"2016-12-15T11:37:22","date_gmt":"2016-12-15T11:37:22","guid":{"rendered":"http:\/\/traumaberatung-nordhessen.de\/?page_id=814"},"modified":"2025-01-03T07:22:51","modified_gmt":"2025-01-03T07:22:51","slug":"wartezeiten-und-preise","status":"publish","type":"page","link":"https:\/\/traumaberatung-nordhessen.de\/?page_id=814","title":{"rendered":"Wartezeiten und Kosten"},"content":{"rendered":"<p><img decoding=\"async\" class=\"photo-result-image\" src=\"https:\/\/cdn.pixabay.com\/photo\/2016\/09\/29\/17\/05\/hourglass-1703349__340.jpg\" srcset=\"https:\/\/cdn.pixabay.com\/photo\/2016\/09\/29\/17\/05\/hourglass-1703349__340.jpg 1x, https:\/\/cdn.pixabay.com\/photo\/2016\/09\/29\/17\/05\/hourglass-1703349__480.jpg 2x\" alt=\"Sanduhr, Geld, Zeit, Anlage, W\u00e4hrung\" data-lazy-srcset=\"https:\/\/cdn.pixabay.com\/photo\/2016\/09\/29\/17\/05\/hourglass-1703349__340.jpg 1x, https:\/\/cdn.pixabay.com\/photo\/2016\/09\/29\/17\/05\/hourglass-1703349__480.jpg 2x\" data-lazy=\"https:\/\/cdn.pixabay.com\/photo\/2016\/09\/29\/17\/05\/hourglass-1703349__340.jpg\"><\/p>\n<p><span style=\"color: #ff0000;\"><strong>&nbsp;<\/strong><\/span><\/p>\n<h6>Behandlungsdauer:<\/h6>\n<address>Welche Behandlungsmethode Sie auch w\u00e4hlen, f\u00fcr jeden ist die Behandlung individuell. Ein einmaliges Erlebnis, z.B. ein Unfall, ist meist mit wenigen Stunden zu be- und verarbeiten.Jeder Mensch reagiert anders. Pauschal l\u00e4sst sich das nicht beantworten.Fakt ist, dass Sie schon nach 3 Sitzungen eine Verbesserung wahrnehmen sollten. Passiert das nicht, h\u00f6ren SIe auf Ihr Bauchgef\u00fchl. Das sagt Ihnen, ob ein Coaching oder eine Therapie bei mir f\u00fcr Sie positive Auswirkungen hat oder nicht.<\/address><address>Es gibt Themen, die lassen sich in 3 &#8211; 5 Stunden aufarbeiten&nbsp; und es gibt Themen, die brauchen deutlich l\u00e4nger. Je j\u00fcnger Sie waren, je l\u00e4nger es zur\u00fcckliegt, umso l\u00e4nger KANN es dauern, muss es aber nicht. Das l\u00e4sst sich vorher&nbsp; nicht sagen.<\/address><address>Der Behandlungserfolg ist im Wesentlichen von Ihrer AKTIVEN Mitarbeit abh\u00e4ngig. Keine meiner Methoden kann zaubern und ich leider auch nicht.<\/address><address>Das f\u00fcr mich WIchtigste ist: <strong>HIlft es Ihnen weiter oder nicht!<\/strong><\/address><address>&nbsp;<\/address><address>GUT geeignet f\u00fcr <strong>\u00dcbergangs- und \u00dcberbr\u00fcckungstherapie<\/strong>&nbsp;&nbsp;&nbsp;&nbsp;&nbsp;&nbsp;&nbsp;&nbsp;&nbsp;&nbsp;\n<p>&nbsp;<\/p>\n<p>&nbsp;<\/p>\n<p>&nbsp;<\/p>\n<p>&nbsp;<\/p>\n<p><img decoding=\"async\" class=\"photo-result-image\" src=\"https:\/\/cdn.pixabay.com\/photo\/2021\/02\/28\/20\/41\/shoes-6058145__340.jpg\" srcset=\"https:\/\/cdn.pixabay.com\/photo\/2021\/02\/28\/20\/41\/shoes-6058145__340.jpg 1x, https:\/\/cdn.pixabay.com\/photo\/2021\/02\/28\/20\/41\/shoes-6058145__480.jpg 2x\" alt=\"Schuhe, \u00dcberbr\u00fccken, Br\u00fccke, \u00dcberwinden\"><\/p>\n<p>&nbsp;<\/p>\n<address>Zuweilen wird eine Therapie bei mir als <strong>\u00dcberbr\u00fcckungs- und \u00dcbergangstherapie<\/strong> genutzt, d.h. Sie erhalten relativ z\u00fcgig einen <strong>vor\u00fcbergehenden Therapieplatz<\/strong>, w\u00e4hrend Sie weiter nach einem kassenzugelassenen Therapeuten suchen. Bitte beachten Sie, in diesem Falle \u00fcbernimmt <strong>keine<\/strong> Krankenkasse die Kosten.Dieses Angebot richtet sich besonders an Menschen, die <strong>JETZT in einer Krise oder schwierigen Situation stecken<\/strong> und auf einen Therapieplatz nicht erst&nbsp; 6 &#8211; 12 Monate warten wollen\/k\u00f6nnen. In diesem Fall wird oft von der M\u00f6glichkeit 14t\u00e4gige (und weiter auseinanderliegende) Termine wahrzunehmen, um die monatlichen Kosten in Grenzen zu halten. In besonderen Ausnahmef\u00e4llen gibt es die M\u00f6glichkeit eines &#8222;Sozialen Honorares&#8220;. Bitte sprechen Sie mich darauf an.&nbsp;<\/address><\/address><address>&nbsp;<\/address>\n<h6>Terminvereinbarung und was ich noch sagen wollte:<\/h6>\n<address>Ich kann viel schreiben. Aber viel wichtiger ist, dass Sie sich wohl f\u00fchlen, verstanden f\u00fchlen und die von mir verwendeten Methoden Ihnen weiterhelfen und f\u00fcr Sie passend sind. Aus eigener Erfahrung und aus zahlreichen Gespr\u00e4chen mit ehemaligen Klientinnen (auch aus meiner Zeit der Mitarbeit im Zentrum f\u00fcr Psychotraumatologie in Kassel) weiss ich, wie wichtig es ist, sich von Anfang an wohl und sicher zu f\u00fchlen. Ein Gef\u00fchl von &#8222;die Chemie stimmt&#8220; zu bekommen. Manchmal bekommt man dieses Gef\u00fchl bereits beim ersten Telefongespr\u00e4ch, sp\u00e4testens jedoch beim ersten pers\u00f6nlichen Gespr\u00e4ch. Auch wenn das erfahrungsgem\u00e4\u00df mit einer gewissen Aufregung verbunden ist.<\/address><address>Das gesagt, kann es auch schon losgehen: Sie m\u00f6chten einen Termin? Schreiben Sie mir eine Email: Traumatherapie-Umbach at t-online.de und hinterlassen SIe mir dort eine R\u00fcckrufnummer, unter der ich Sie erreichen kann.<\/address><address>&nbsp;<\/address><address>Und nun zu den Kosten:<\/address>\n<h3 align=\"justify\">Kosten:<\/h3>\n<p>&nbsp;<\/p>\n<p><strong><u>H O N O R A R&nbsp;&nbsp;&nbsp; \/&nbsp;&nbsp;&nbsp;&nbsp; K O S T E N<\/u><\/strong> <u>&nbsp; Stand 01.01.2025 &nbsp;&nbsp;&nbsp;&nbsp;&nbsp;&nbsp;&nbsp;&nbsp;&nbsp;&nbsp;&nbsp;&nbsp;&nbsp;&nbsp;&nbsp;&nbsp;&nbsp;&nbsp;&nbsp;&nbsp;&nbsp; <\/u><\/p>\n<p>f\u00fcr Gespr\u00e4chstherapie, Hypnose, Somatic experiencing, Psychologische Symbolarbeit&nbsp;<\/p>\n<p><strong>Kostenloses<\/strong> telefonisches Vorgespr\u00e4ch (ca. 20 Minuten) &#8211; auch per Video m\u00f6glich.<\/p>\n<p><strong>Sitzung Nr. 1 inklusive ausf\u00fchrlicher Anamnese + 1. Anwendung<\/strong>\/Gespr\u00e4ch: Hypnose, Somatic experiencing oder Psychologischer Symbolarbeit. &nbsp;<strong>Dauer 90 Min. 150,- Euro<\/strong><br><strong>Vor Ort&nbsp; oder Online-Termin<\/strong> (bei Onlineterminen nur nach Vorauszahlung).<\/p>\n<p><strong><u><br>Weitere Sitzungen \u2013 unterschiedliche M\u00f6glichkeiten <br><\/u><\/strong><\/p>\n<p>ab Sitzung Nr. 2<\/p>\n<p><strong>Einzel<\/strong>sitzung von <strong>60<\/strong> Minuten Dauer <strong>100,-<\/strong> Euro<br><strong>Intensiv<\/strong>sitzung von <strong>90<\/strong> Minuten Dauer <strong>150,-<\/strong> Euro<\/p>\n<p>Vor Ort oder Online-Termin (bei Onlineterminen nur nach Vorauszahlung), jeweils einzeln buchbar.<\/p>\n<p>&nbsp;<\/p>\n<p><strong><u>Zeitkarten <\/u><\/strong><u>&nbsp;(alle Methoden &#8211; ausgenommen Spezialangebote)<\/u><\/p>\n<p>ab Sitzung Nr. 2 &#8211; aktuell nicht buchbar.&nbsp;<\/p>\n<p><strong><u>&nbsp;Z<\/u><\/strong><strong><u>eit\u00fcberschreitung (viertelst\u00fcndlich):<\/u><\/strong><u><br><\/u><br>Bei Zeit\u00fcberschreitung, wenn die normale, vereinbarte Sitzungsdauer von 60 oder 90 Minuten nicht ausreicht, erh\u00f6ht sich &#8211; selbstverst\u00e4ndlich&nbsp; nach vorheriger Absprache (Behandlungsvertrag) und&nbsp; sofern es sich mit dem Praxisbetrieb vereinbaren l\u00e4sst &#8211;&nbsp; das Honorar<br>* pro angefangene Viertelstunde um&nbsp; Euro 15,- Euro<\/p>\n<p>Zeitlich umfangreichere Behandlungen und entsprechende Mehrkosten werden im Voraus besprochen und vereinbart.<\/p>\n<address><strong><u>Spezialangebote:<\/u><\/strong>\n<p>&nbsp;<\/p>\n<p>&nbsp;<\/p>\n<p>&nbsp;<\/p>\n<p><img decoding=\"async\" class=\"photo-result-image\" src=\"https:\/\/cdn.pixabay.com\/photo\/2012\/12\/09\/00\/16\/abstract-69124__340.jpg\" srcset=\"https:\/\/cdn.pixabay.com\/photo\/2012\/12\/09\/00\/16\/abstract-69124__340.jpg 1x, https:\/\/cdn.pixabay.com\/photo\/2012\/12\/09\/00\/16\/abstract-69124__480.jpg 2x\" alt=\"Abstrakt, Rauch, Hintergrund, Strudel\"><\/p>\n<p>&nbsp;<\/p>\n<p><strong>Raucherentw\u00f6hnung<\/strong> mit Hypnose &#8211; 2 + 1 Termine (90 Minuten und 45 Minuten) 299,- Euro plus Vorgespr\u00e4ch (15 Minuten)<\/p>\n<p><strong>Raucherentw\u00f6hnung <\/strong>mit Hypnose <strong>Intensiv<\/strong> 5 Termine 566,- Euro<\/p>\n<p><a href=\"http:\/\/traumaberatung-nordhessen.de\/wp-content\/uploads\/1-Hypnose-Raucherentwoehnung-Preisblatt-2020.pdf\" target=\"_blank\" rel=\"noopener\">Hypnose Raucherentw\u00f6hnung Infoblatt<\/a><\/p>\n<p><strong><span style=\"text-decoration: line-through;\">Gewichtsreduktion in der Gruppe<\/span><\/strong><span style=\"text-decoration: line-through;\"> mit Hypnose: 4 Termine a 90 Minuten&nbsp; 150,- Euro &#8211; Einzeltermine wie oben<br>Die dazugeh\u00f6rigen Informationsveranstaltungen mit einer &#8222;richtigen Hypnose&#8220;&nbsp; ca. 1,5 Stunden 25,- Euro (Gruppe)&nbsp;&nbsp;&nbsp;<\/span><strong><br><\/strong><\/p>\n<p><strong>&gt;Aktuell keine Gruppenangebote <\/strong><\/p>\n<\/address>\n<p>&nbsp;<\/p>\n<address>\n<p><strong><u>Kosten\u00fcbernahme<\/u><\/strong><\/p>\n<p>Die gesetzlichen Krankenkassen \u00fcbernehmen die Kosten f\u00fcr meine Angebote i.d.R.&nbsp; leider nicht. Bei privaten Kassen und\/oder Zusatzversicherungen lohnt es sich nachzufragen.<\/p>\n<p>Sozialtarif f\u00fcr Menschen mit nachweisbar geringem Einkommen m\u00f6glich. Begrenztes Kontingent. Fragen Sie bitte nach.<\/p>\n<p>Bei sex. Gewalt in der Familie gibt es die M\u00f6glichkeit einer Beantragung \u00fcber einen Fonds. Bitte sprechen Sie mich darauf an. Ich helfe Ihnen gerne weiter. (Dort sind die Wartezeiten allerdings im Moment sehr lange).<\/p>\n<p>&nbsp;<\/p>\n<p>(Stand: Januar 2025)<\/p>\n<p>&nbsp;<\/p>\n<p>&nbsp;<\/p>\n<\/address>\n<h3 align=\"justify\">Termin- bzw. Vorgespr\u00e4chsvereinbarung<\/h3>\n<address>\n<p align=\"justify\">per E-mail: <a title=\"Terminvereinbarung\" href=\"mailto:Traumaberatung-Umbach@t-online.de\">Traumatherapie-Umbach at t-online.de<\/a><\/p>\n<p align=\"justify\">BItte hinterlassen Sie mir eine Telefonnummer und Zeit, zu der ich Sie gut erreichen kann. Ich melde mich dann so schnell wie m\u00f6glich bei Ihnen.<\/p>\n<p align=\"justify\">&nbsp;<\/p>\n<p>&nbsp;<\/p>\n<\/address>\n<p>&nbsp;<\/p>\n\n\n<p><\/p>\n","protected":false},"excerpt":{"rendered":"<p>&nbsp; Behandlungsdauer: Welche Behandlungsmethode Sie auch w\u00e4hlen, f\u00fcr jeden ist die Behandlung individuell. Ein einmaliges Erlebnis, z.B. ein Unfall, ist meist mit wenigen Stunden zu be- und verarbeiten.Jeder Mensch reagiert anders. Pauschal l\u00e4sst sich das nicht beantworten.Fakt ist, dass Sie&#8230;<br \/><a class=\"read-more-button\" href=\"https:\/\/traumaberatung-nordhessen.de\/?page_id=814\">Mehr Lesen<\/a><\/p>\n","protected":false},"author":3,"featured_media":0,"parent":0,"menu_order":5,"comment_status":"closed","ping_status":"closed","template":"","meta":{"ngg_post_thumbnail":0,"footnotes":""},"class_list":["post-814","page","type-page","status-publish","hentry"],"_links":{"self":[{"href":"https:\/\/traumaberatung-nordhessen.de\/index.php?rest_route=\/wp\/v2\/pages\/814","targetHints":{"allow":["GET"]}}],"collection":[{"href":"https:\/\/traumaberatung-nordhessen.de\/index.php?rest_route=\/wp\/v2\/pages"}],"about":[{"href":"https:\/\/traumaberatung-nordhessen.de\/index.php?rest_route=\/wp\/v2\/types\/page"}],"author":[{"embeddable":true,"href":"https:\/\/traumaberatung-nordhessen.de\/index.php?rest_route=\/wp\/v2\/users\/3"}],"replies":[{"embeddable":true,"href":"https:\/\/traumaberatung-nordhessen.de\/index.php?rest_route=%2Fwp%2Fv2%2Fcomments&post=814"}],"version-history":[{"count":5,"href":"https:\/\/traumaberatung-nordhessen.de\/index.php?rest_route=\/wp\/v2\/pages\/814\/revisions"}],"predecessor-version":[{"id":1465,"href":"https:\/\/traumaberatung-nordhessen.de\/index.php?rest_route=\/wp\/v2\/pages\/814\/revisions\/1465"}],"wp:attachment":[{"href":"https:\/\/traumaberatung-nordhessen.de\/index.php?rest_route=%2Fwp%2Fv2%2Fmedia&parent=814"}],"curies":[{"name":"wp","href":"https:\/\/api.w.org\/{rel}","templated":true}]}}