{"id":26,"date":"2011-10-19T18:31:16","date_gmt":"2011-10-19T18:31:16","guid":{"rendered":"http:\/\/traumaberatung-nordhessen.de\/?page_id=26"},"modified":"2017-04-12T09:40:08","modified_gmt":"2017-04-12T09:40:08","slug":"unterlagen","status":"publish","type":"page","link":"https:\/\/traumaberatung-nordhessen.de\/?page_id=26","title":{"rendered":"Downloads"},"content":{"rendered":"<p><strong><span style=\"color: #000080;\">Kundenbereich<\/span><\/strong> &#8211; Nur f\u00fcr KlientInnen aus den Einzel- und Gruppensettings.<\/p>\n<p>Hier finden Sie demn\u00e4chst verschiedene Informationen und Arbeitsbl\u00e4tter<\/p>\n<p>Die Zugangsberechtigung erhalten Sie als &#8222;KundIn&#8220;, wenn Sie mir eine Email an Traumatherapie @ t-online.de &nbsp; schicken.<\/p>\n<p>(Voraussetzung: l\u00e4ngerfristiges Coaching\/Therapie \/ Zahlungseingang Gruppenangebote)<\/p>\n<p>[restrict userlevel=&#8220;subscriber&#8220;]Anleitung: Durch Anclicken der einzelnen Stichworte unter den Rubriken \u00f6ffnet sich die Information\/das Arbeitsblatt als PDF Datei. Sollten Sie es nicht \u00f6ffnen k\u00f6nnen, aber eine Zusendung w\u00fcnschen &#8211; einfach eine Email schicken \ud83d\ude42<\/p>\n<p>&nbsp;<\/p>\n<p>[restrict userlevel=&#8220;subscriber&#8220;] Lebensflussmodell in Anlehnung an Peter A. Levine<a href=\"http:\/\/traumaberatung-nordhessen.de\/wp-content\/uploads\/Lebensfluss.jpg\"><img loading=\"lazy\" decoding=\"async\" class=\"aligncenter size-full wp-image-335\" title=\"Lebensfluss\" src=\"http:\/\/traumaberatung-nordhessen.de\/wp-content\/uploads\/Lebensfluss.jpg\" alt=\"\" height=\"384\" width=\"512\" srcset=\"https:\/\/traumaberatung-nordhessen.de\/wp-content\/uploads\/Lebensfluss.jpg 512w, https:\/\/traumaberatung-nordhessen.de\/wp-content\/uploads\/Lebensfluss-300x225.jpg 300w\" sizes=\"auto, (max-width: 512px) 100vw, 512px\" \/><\/a>[\/restrict]<\/p>\n<p>&nbsp;<\/p>\n<p>[restrict userlevel=&#8220;subscriber&#8220;]Ein wenig Theorie[\/restrict]<\/p>\n<p>Wird gerade \u00fcberarbeitet<\/p>\n<p>[restrict userlevel=&#8220;subscriber&#8220;]\u00dcbungen &amp; Anleitungen [\/restrict]<\/p>\n<p>[restrict userlevel=&#8220;subscriber&#8220;]<a href=\"http:\/\/traumaberatung-nordhessen.de\/wp-content\/uploads\/Gegen-das-Gedankenkarusell.docx\">Gegen das Gedankenkarusell<\/a>[\/restrict]<\/p>\n<p>&nbsp;<\/p>\n<p>&nbsp;<\/p>\n<p>[restrict userlevel=&#8220;subscriber&#8220;]Hypnosekurs Modul 1 Teilnehmerbonus[\/restrict]<\/p>\n<p>[restrict userlevel=&#8220;subscriber&#8220;]<\/p>\n<audio class=\"wp-audio-shortcode\" id=\"audio-26-1\" preload=\"none\" style=\"width: 100%;\" controls=\"controls\"><source type=\"audio\/mpeg\" src=\"http:\/\/traumaberatung-nordhessen.de\/wp-content\/uploads\/Abnehmhypnose-Selbsthypnose.m4a?_=1\" \/><a href=\"http:\/\/traumaberatung-nordhessen.de\/wp-content\/uploads\/Abnehmhypnose-Selbsthypnose.m4a\">http:\/\/traumaberatung-nordhessen.de\/wp-content\/uploads\/Abnehmhypnose-Selbsthypnose.m4a<\/a><\/audio>\n<p>[\/restrict]<\/p>\n<p>&nbsp;<\/p>\n<p>&nbsp;<\/p>\n<p>&nbsp;<\/p>\n<p>&nbsp;<\/p>\n<p>&nbsp;<\/p>\n<p>&nbsp;<\/p>\n<p>&nbsp;<\/p>\n<p>&nbsp;<\/p>\n<p>&nbsp;<\/p>\n<p>&nbsp;<\/p>\n<p>&nbsp;<\/p>\n<p>&nbsp;<\/p>\n<p>&nbsp;<\/p>\n<p>&nbsp;<\/p>\n<p>[restrict userlevel=&#8220;subscriber&#8220;]Beispiel f\u00fcr versteckten Text\/Link[\/restrict]<\/p>\n","protected":false},"excerpt":{"rendered":"<p>Kundenbereich &#8211; Nur f\u00fcr KlientInnen aus den Einzel- und Gruppensettings. Hier finden Sie demn\u00e4chst verschiedene Informationen und Arbeitsbl\u00e4tter Die Zugangsberechtigung erhalten Sie als &#8222;KundIn&#8220;, wenn Sie mir eine Email an Traumatherapie @ t-online.de &nbsp; schicken. (Voraussetzung: l\u00e4ngerfristiges Coaching\/Therapie \/ Zahlungseingang&#8230;<br \/><a class=\"read-more-button\" href=\"https:\/\/traumaberatung-nordhessen.de\/?page_id=26\">Mehr Lesen<\/a><\/p>\n","protected":false},"author":1,"featured_media":0,"parent":0,"menu_order":7,"comment_status":"closed","ping_status":"closed","template":"","meta":{"ngg_post_thumbnail":0,"footnotes":""},"class_list":["post-26","page","type-page","status-publish","hentry"],"_links":{"self":[{"href":"https:\/\/traumaberatung-nordhessen.de\/index.php?rest_route=\/wp\/v2\/pages\/26","targetHints":{"allow":["GET"]}}],"collection":[{"href":"https:\/\/traumaberatung-nordhessen.de\/index.php?rest_route=\/wp\/v2\/pages"}],"about":[{"href":"https:\/\/traumaberatung-nordhessen.de\/index.php?rest_route=\/wp\/v2\/types\/page"}],"author":[{"embeddable":true,"href":"https:\/\/traumaberatung-nordhessen.de\/index.php?rest_route=\/wp\/v2\/users\/1"}],"replies":[{"embeddable":true,"href":"https:\/\/traumaberatung-nordhessen.de\/index.php?rest_route=%2Fwp%2Fv2%2Fcomments&post=26"}],"version-history":[{"count":4,"href":"https:\/\/traumaberatung-nordhessen.de\/index.php?rest_route=\/wp\/v2\/pages\/26\/revisions"}],"predecessor-version":[{"id":1054,"href":"https:\/\/traumaberatung-nordhessen.de\/index.php?rest_route=\/wp\/v2\/pages\/26\/revisions\/1054"}],"wp:attachment":[{"href":"https:\/\/traumaberatung-nordhessen.de\/index.php?rest_route=%2Fwp%2Fv2%2Fmedia&parent=26"}],"curies":[{"name":"wp","href":"https:\/\/api.w.org\/{rel}","templated":true}]}}